Let s(g) = 14*g**2 + 2*g + 1. What is s(-1)?
13
Let f(d) = 2*d + 14. What is f(-8)?
-2
Let w(j) = -6*j - 58. Give w(-6).
-22
Let n(y) = -y**3 + 8. What is n(0)?
8
Let m(w) = 2*w - 13. Determine m(-7).
-27
Let o(n) = -n**2 - 2*n. Give o(-8).
-48
Let s(m) = 20*m**3 - 3*m**2 - 6*m - 5. Determine s(-1).
-22
Let t(p) = -p**2 + 14*p - 12. Calculate t(1).
1
Let c(v) = v**3 + 19*v**2 + 15*v - 15. What is c(-18)?
39
Let g(m) = -m**2 - 10*m + 13. Determine g(-6).
37
Let n(j) = j**3 - 21*j**2 - 4*j + 78. Calculate n(21).
-6
Let k(f) = f**3 + 8*f**2 - f - 9. Determine k(-8).
-1
Let o(z) = 5*z + 1. What is o(4)?
21
Let l(p) = p**3 - 5*p**2 - 3*p - 21. Give l(5).
-36
Let o(x) = x**3 + 3*x**2 - x - 26. Give o(0).
-26
Let o(t) = -11*t - 227. Calculate o(-20).
-7
Let q(b) = -3*b - 17. What is q(9)?
-44
Let k(l) = -l + 5. What is k(-8)?
13
Let k(p) = -54*p + 13. What is k(1)?
-41
Let o(q) = -q**3 + 7*q**2 - 6*q - 3. What is o(6)?
-3
Let w(c) = -c**2 - 12*c + 12. Calculate w(-11).
23
Let w(j) = j**3 - j**2 - 23. What is w(0)?
-23
Let n(g) = -g**2 + 2*g + 1. Give n(1).
2
Let u(p) = p + 4. Give u(-6).
-2
Let m(a) = a**3 - 4*a**2 + 5. Determine m(4).
5
Let i(f) = 85*f - 601. Determine i(7).
-6
Let v(t) = 6*t**2 - t + 1. Give v(-2).
27
Let m(v) = -v**2 - 12*v - 22. Give m(-7).
13
Let s(f) = -f**2 - 6*f + 75. What is s(0)?
75
Let t(i) = -i**2 + 3*i + 4. What is t(5)?
-6
Let w(i) = -i**3 - i**2 + i + 15. Give w(0).
15
Let h(f) = f**3 - f**2 - f + 3. Determine h(-2).
-7
Let w(v) = -v**2 - 9*v - 15. Calculate w(-5).
5
Let x(b) = 2*b**2 + 87*b - 130. Determine x(-45).
5
Let p(k) = -k**2 - 11*k - 19. Give p(-9).
-1
Let r(p) = p - 20. Calculate r(-2).
-22
Let u(k) = -3*k - 3. Determine u(-7).
18
Let i(n) = 2*n**2 + 9*n + 5. What is i(-4)?
1
Let f(l) = -2*l**2 + 17*l + 12. What is f(9)?
3
Let n(s) = s**2 - 7*s + 4. What is n(6)?
-2
Let n(r) = -r**3 - 13*r**2 - 10*r + 3. Determine n(-12).
-21
Let r(j) = j**3 - j. What is r(2)?
6
Let n(t) = 5*t**3 + 2*t**2 - 3*t + 2. Give n(2).
44
Let n(x) = -7*x**3 + 36*x**2 - 7*x + 11. Give n(5).
1
Let i(n) = 14*n + 197. Give i(-13).
15
Let c(z) = -6*z - 8. What is c(-4)?
16
Let j(g) = -27*g - 103. What is j(-4)?
5
Let i(f) = -3*f**2 + f + 5. Calculate i(0).
5
Let l(y) = -y - 26. Calculate l(-29).
3
Let u(m) = m**2 + 9*m + 9. Give u(-9).
9
Let d(q) = q**3 - 9*q**2 + 8*q. Calculate d(8).
0
Let b(k) = -k**3 - 6*k**2 - 4*k - 7. Give b(-5).
-12
Let g(v) = 5*v. Determine g(1).
5
Let q(j) = -2*j**2 + 5*j + 6. Calculate q(6).
-36
Let u(m) = -4*m + 105. Give u(16).
41
Let n(f) = -f**2 + 4*f + 6. Determine n(8).
-26
Let r(d) = -11*d - 294. Calculate r(-25).
-19
Let f(n) = 2*n**3 - 4*n**2 - 3*n + 4. Determine f(-3).
-77
Let p(b) = b**3 - 8*b**2 + 7*b - 61. Determine p(8).
-5
Let j(n) = -n - 10. Calculate j(-8).
-2
Let j(g) = -g**3 + 6*g**2 + 10*g - 5. Calculate j(7).
16
Let z(c) = -c**2 + 3. Determine z(2).
-1
Let a(d) = 57*d + 1. What is a(-2)?
-113
Let q(w) = -4*w + 1. Give q(-3).
13
Let c(a) = -a**3 + 6*a**2 + 11*a + 32. What is c(8)?
-8
Let u(v) = -v**3 + 3*v**2 + 6*v - 7. Give u(4).
1
Let g(b) = -3*b + 77. What is g(28)?
-7
Let t(x) = x**2 + 19*x - 60. What is t(-22)?
6
Let g(h) = 2*h**2 + 14*h + 8. What is g(-5)?
-12
Let d(g) = g**3 + 9*g**2 - 14*g + 6. Give d(-10).
46
Let p(a) = a - 3. Give p(-10).
-13
Let x(t) = -5*t**2 - 3*t - 4. Give x(3).
-58
Let o(t) = 3*t**2 - 11*t - 3. Calculate o(4).
1
Let q(k) = -k**3 - 11*k**2 - 7*k + 5. Determine q(-10).
-25
Let z(b) = -b**3 + 4*b**2 + 5*b - 6. Give z(5).
-6
Let m(j) = 2*j - 1. Determine m(2).
3
Let p(t) = t**2 - 4*t - 1. Determine p(6).
11
Let l(p) = -p**3 - 21*p**2 + 21*p - 52. What is l(-22)?
-30
Let f(u) = -u**2 + 3*u - 5. What is f(3)?
-5
Let l(f) = 7*f + 11. Calculate l(-1).
4
Let l(j) = -j**2 + 5*j + 7. Calculate l(6).
1
Let w(o) = o**3 - 12*o - 5. Give w(4).
11
Let z(l) = l**2 + 16*l + 13. What is z(-15)?
-2
Let d(i) = -i**2 - 17*i - 67. Give d(-9).
5
Let s(v) = 6*v**3 + 9*v**2 + 9*v. Calculate s(-1).
-6
Let f(x) = x**3 + 12*x**2 + 21*x + 10. Determine f(-10).
0
Let n(t) = t**3 + 3*t**2 + 7*t + 9. Determine n(-3).
-12
Let g(q) = -q**2 - 10*q - 11. Calculate g(-8).
5
Let k(d) = -d**3 - 8*d**2 - 12*d - 19. Determine k(-8).
77
Let a(i) = 2*i + 15. Calculate a(-6).
3
Let s(x) = -x + 6. Calculate s(10).
-4
Let f(a) = -2*a**2 + 5*a + 8. Calculate f(5).
-17
Let x(v) = -v**2 - 30*v - 24. Calculate x(-26).
80
Let y(o) = -o**3 - 6*o**2 + 9*o + 13. Give y(-7).
-1
Let s(h) = 2*h - 3. Give s(-4).
-11
Let p(k) = k**2 + 42*k + 297. Calculate p(-9).
0
Let q(k) = k**2 + 20*k + 57. Determine q(-7).
-34
Let s(n) = 4*n**2 - 2*n + 1. Give s(2).
13
Let w(k) = 4*k**3 + 29*k**2 + 7*k + 44. Give w(-7).
44
Let z(i) = i**3 + 10*i**2 - 8*i + 4. Give z(-10).
84
Let v(d) = -d**2 - 3*d - 2. What is v(-2)?
0
Let t(l) = -l**3 + 12*l**2 - 20. Determine t(12).
-20
Let i(m) = -2*m - 31. Determine i(-18).
5
Let t(z) = z**3 - 5*z**2 - 2*z + 2. Determine t(6).
26
Let d(b) = -18*b + 51. Determine d(4).
-21
Let v(b) = b + 27. Determine v(0).
27
Let o(z) = z**3 + 12*z**2 + 11*z + 1. What is o(-11)?
1
Let f(o) = 6*o - 70. Calculate f(-16).
-166
Let o(w) = w**2 - 13*w + 12. What is o(12)?
0
Let h(d) = d - 85. Determine h(0).
-85
Let g(a) = 12*a - 67. Calculate g(5).
-7
Let o(i) = 15*i + 1. What is o(-1)?
-14
Let o(f) = -f**3 + 8*f**2 - 6*f + 2. Calculate o(8).
-46
Let k(r) = -r**3 + 9*r**2 - 23*r + 5. Give k(4).
-7
Let s(w) = 5*w + 40. Determine s(-6).
10
Let x(h) = -h**3 + 4*h**2 - h + 4. Give x(2).
10
Let v(y) = 2*y**2 + 11*y. Give v(-5).
-5
Let r(q) = q**2 + 14*q - 44. Give r(-16).
-12
Let l(h) = -h**3 + 4*h**2 - 5*h - 3. Determine l(3).
-9
Let c(h) = h**2 + 14*h + 32. Determine c(-11).
-1
Let j(s) = -s - 50. Calculate j(-27).
-23
Let l(y) = -2*y**3 - y**2 + 3*y - 4. Give l(-3).
32
Let m(x) = -4*x**2 + 6*x + 13. What is m(-4)?
-75
Let o(n) = n**2 - 10*n + 3. Give o(9).
-6
Let i(c) = -3*c**2 + 26*c - 12. Calculate i(7).
23
Let u(i) = -4*i**2 - 14*i + 8. Determine u(-4).
0
Let f(x) = -11*x**3 + x**2 - 3*x + 3. Determine f(1).
-10
Let g(w) = 4*w + 41. Give g(-12).
-7
Let v(d) = d**2 - 20*d + 69. What is v(11)?
-30
Let u(a) = -a**2 + 6*a + 22. Determine u(9).
-5
Let d(a) = a + 14. Give d(-11).
3
Let s(x) = x**2 + 10*x - 29. Determine s(-12).
-5
Let f(k) = k**3 + 26*k**2 + 48*k + 19. Calculate f(-24).
19
Let z(s) = 34*s + 1. Determine z(1).
35
Let f(d) = -5*d + 28. What is f(4)?
8
Let o(d) = -d**3 - 4*d**2 - d + 1. Give o(-3).
-5
Let t(h) = 4*h + 3. Determine t(-4).
-13
Let g(i) = i**3 - i**2 + 1. Calculate g(1).
1
Let z(r) = 14*r**3 - 2*r**2 - r. Give z(-1).
-15
Let v(r) = -2*r + 36. Give v(17).
2
Let m(x) = x**2 + 4*x - 19. Give m(-8).
13
Let h(s) = 7*s**3 - 3*s**2 - 4*s - 2. Calculate h(-1).
-8
Let o(r) = r**2 + 2*r. Give o(-6).
24
Let b(i) = i**2 - 5*i - 4. Give b(5).
-4
Let n(c) = c**2 - 3*c - 1. What is n(5)?
9
Let o(t) = -t**2 - 7*t - 16. Give o(-3).
-4
Let n(k) = k**2 - 4*k - 33. Calculate n(-4).
-1
Let j(u) = -15*u + 95. What is j(7)?
-10
Let g(n) = -n**2 - 5*n + 2. Determine g(-4).
6
Let y(i) = -i**2 + 5*i - 2. Determine y(3).
4
Let y(j) = j**2 + 18*j + 30. What is y(-19)?
49
Let h(r) = -2*r**3 - 9*r**2 + 10*r - 4. Give h(-5).
-29
Let k(l) = -l**2 + 2*l + 129. What is k(-9)?
30
Let s(v) = v**3 + v**2 + 2*v - 6. What is s(2)?
10
Let h(p) = -p**3 + 11*p**2 - 8*p - 15. Give h(10).
5
Let m(f) = f**3 + 12*f**2 - 159*f - 6. Determine m(8).
2
Let f(x) = -x**2 - 4*x + 40. Give f(-9).
-5
Let s(g) = -18*g - 280. What is s(-13)?
-46
Let x(q) = 6*q - 5. Calculate x(6).
31
Let d(p) = p + 11. Calculate d(-5).
6
Let l(w) = 4*w**3 - 1. Calculate l(-1).
-5
Let t(h) = h**2 - 11*h + 25. Calculate t(9).
7
Let m(i) = -i**3 - 6*i**2 - 7*i + 2. What is m(-5)?
12
Let n(g) = -2*g - 3. What is n(-3)?
3
Let a(m) = 9*m + 126. Calculate a(-12).
18
Let w(k) = -2*k**2 + 8*k - 9. Give w(6).
-33
Let u(y) = 3*y**2 + 109*y + 37. Determine u(-36).
1
Let y(l) = -10*l - 76. What is y(-7)?
-6
Let y(z) = -z**2 + 54*z + 116. What is y(56)?
4
Let q(i) = i**3 + 28*i**2 - 2*i - 61. Determine q(-28).
-5
Let r(f) = 4*f + 9. What is r(-17)?
-59
Let q(r) = 18*r - 1. Calculate q(-1).
-19
Let h(d) = d**3 - 6*d**2 - 27*d + 8. Determine h(9).
8
Let b(j) = -8*j - 14. What is b(7)?
-70
Let g(t) = t**2 - 3*t + 4. What is g(5)?
14
Let v(f) = -f + 9. Calculate v(-6).
15
Let g(u